6.
16
Let m(i) = 4*i - 7. Let w be m(5). Suppose 0 = t - 2*t + w. Suppose -g + 16 = 5*h, 4*h - t = -0*h - g. Calculate the greatest common factor of 15 and h.
3
Let s be (-1 - -15)/(1 - 0). Suppose -7*v - 20 = -3*v. Let o = 9 - v. Calculate the greatest common factor of o and s.
14
Suppose -3*u = 9 - 174. Suppose -5*j - 159 = 81. Let s be (-256)/j - (-2)/(-6). Calculate the highest common factor of s and u.
5
Let a be ((-24)/(-30))/((-4)/(-230)). Calculate the highest common divisor of a and 23.
23
Let y(r) be the second derivative of -13*r**3/6 + 9*r**2/2 - 5*r. Let k be y(-11). Let s = 42 - 23. What is the highest common factor of k and s?
19
Suppose -10*p + 185 = -15. What is the highest common factor of p and 4?
4
Let u(a) = 8*a**2 - 7*a + 4. Suppose 0 = -3*z - 0*z + 18. Let o be u(z). Suppose o = 3*t - 38. What is the greatest common factor of t and 12?
12
Let u = -153 - -228. What is the greatest common factor of 25 and u?
25
Let g = 175 - 309. Let m = g + 190. What is the greatest common divisor of m and 8?
8
Let d = -5 - -5. Suppose d = k - 2*k + 15. What is the greatest common divisor of k and 105?
15
Let s(d) = d + 9. Let j be s(-4). Suppose 9*q = j*q + 48. Let f(c) = -8*c**3 + c - 2. Let w be f(-2). What is the highest common factor of q and w?
12
Suppose l + 2*x - 8 = 0, 12 = -4*x - 4. Suppose -k = -2*m - l, 24 = k - 0*k - 4*m. Suppose 5*t = 2*t + 12. What is the highest common divisor of t and k?
4
Suppose 6 = -t + 20. What is the highest common divisor of 70 and t?
14
Let g = 6 - -1. Let k be 112/3*(-27)/(-18). Calculate the highest common factor of g and k.
7
Let j(a) = -a + 12. Let q be j(7). What is the highest common divisor of q and 25?
5
Let k be 7/(-1 + 3/2). Let w be 18 - (-16)/(12/(-3)). What is the highest common divisor of w and k?
14
Suppose -3*f = -d + 2, -5*d = 5*f + 9 + 41. Let p = 47 - 26. Let g = p + d. Calculate the highest common divisor of 112 and g.
14
Let f(s) = -s**3 + 9*s**2 + 2*s + 22. Let r be f(9). Calculate the highest common factor of r and 10.
10
Let h(y) = -y**3 - y**2. Let p be h(0). Let f be 5 - p - (-6)/(-2). What is the highest common divisor of f and 16?
2
Let k be (-2)/(-6) - 17/(-3). Let x be 111/k + 1/(-2). Let a(m) = -m**3 + 2*m**2 + m + 27. Let h be a(0). Calculate the highest common divisor of h and x.
9
Let n be 57/(-2)*-6 + -2. Calculate the highest common factor of n and 13.
13
Let t = -8 - -12. Let j = 10 - t. Suppose -3*a = -4*d - 304, j*d = -a + 3*d + 84. Calculate the greatest common divisor of 12 and a.
12
Let b = 64 + -56. Calculate the greatest common divisor of b and 12.
4
Let g(i) = i**2 + 5*i + 3. Let j be g(-2). Let s be j/15 - 272/(-10). Suppose 0*l - s = -3*l. Calculate the highest common divisor of 27 and l.
9
Suppose 3*h = j + 8, 4*j - 7 = -h - 0*h. Suppose -h*w - 132 = -7*w. What is the greatest common factor of w and 11?
11
Let y = 11 + 5. Let x(l) be the second derivative of -l**4/12 - 2*l**3/3 + l**2/2 + 2*l. Let w be x(-3). What is the greatest common divisor of y and w?
4
Let v be (63/12)/(9/48). What is the highest common divisor of 4 and v?
4
Let q = 119 - 40. Suppose -2*n + n + q = 4*r, -5*r = n - 74. Suppose -5*y - d + 45 = 0, 3*y - 2*d - 1 = 26. What is the greatest common divisor of y and n?
9
Suppose 9 = 4*k - 87. Calculate the greatest common factor of 8 and k.
8
Let s be (-1)/(-2) - (-104)/16. Suppose s*r - 4*r = 96. Suppose 2*l = 4*l + 5*z - 21, 4*l - 5*z - 27 = 0. Calculate the highest common divisor of r and l.
8
Let k be 0 + 1/(1/4). Suppose 0*v = -2*v + 10, -3*v = -2*j + 25. Calculate the highest common divisor of j and k.
4
Let t(m) = 11*m**2 - 2. Let a be t(-2). What is the greatest common factor of a and 28?
14
Let b be 4 + -5 - 1*-44. Let z = -28 + b. Calculate the greatest common factor of 135 and z.
15
Suppose 5 = 5*n - 10. What is the highest common divisor of 6 and n?
3
Suppose -4*t - 5 = 2*v + 5, 5*t + 23 = -4*v. Let a = v - -12. What is the highest common divisor of 2 and a?
1
Let u be (8/5)/(2/5). Suppose 0 = 5*q + j - 55, -2*q - u*j = 1 - 5. What is the greatest common divisor of 4 and q?
4
Let t = 5 + 5. Let b = -14 + 15. Suppose -4*m + 9 - b = 0. What is the highest common divisor of t and m?
2
Suppose -1 - 23 = 4*o. Let x = o - -8. What is the highest common factor of x and 1?
1
Suppose y + 4*z - 9*z - 40 = 0, 4*y - 85 = -5*z. Calculate the greatest common factor of 25 and y.
25
Suppose -5*i + 59 + 1 = 0. Let g be 5*2*3 - -1. Suppose m + 1 = y - 2*y, 4*y - 3*m - g = 0. Calculate the greatest common factor of i and y.
4
Suppose -5*z + 92 = -7*m + 3*m, -z + 3*m + 14 = 0. Calculate the highest common divisor of 12 and z.
4
Suppose -16 = -t - 4. Calculate the greatest common divisor of 48 and t.
12
Let b be 4 + -7 + (-9)/(-1). What is the greatest common divisor of b and 9?
3
Let o(g) = g - 5. Let j be o(6). Let d(b) = -3*b - 1. Let y be d(-1). Calculate the greatest common factor of y and j.
1
Suppose -g = -3*g + 144. Suppose 0 = 3*q - 0*q - 27. Calculate the highest common factor of q and g.
9
Let x be -27*(5/3 - 2). Calculate the greatest common factor of x and 3.
3
Let c be (2 - (5 + 1)) + 76. Calculate the greatest common divisor of 18 and c.
18
Let g be (4/6)/(1/3). Suppose g*c = -5*q - 5, -2*q - 2 = -0. Suppose 0 = -w - c*w + 2. Calculate the highest common factor of 5 and w.
1
Let f be (301/63 - 5) + 380/9. Calculate the greatest common divisor of f and 14.
14
Suppose w - 13 = -0*w. Suppose -2*f = -z - w, -2*f + 9*z = 4*z - 25. What is the greatest common divisor of f and 10?
5
Let k(w) = w**3 - 8*w**2 + 3*w + 9. Let s be k(8). Let o(b) = 20*b + 2. Let m be o(1). Calculate the greatest common factor of s and m.
11
Let c(f) = f - 3. Let u be c(10). Let n = 30 - u. What is the greatest common factor of n and 184?
23
Let p(w) = -4*w - 6. Let z be p(-5). Suppose 0*b = 5*b - 140. What is the greatest common divisor of z and b?
14
Suppose -2*o + 0 = 2. Let n(b) = -41*b - 1. Let q be n(o). What is the greatest common divisor of 8 and q?
8
Let w(q) = -q**2 + 1. Let l be w(1). Suppose l = -5*b + 4*b + 56. What is the highest common factor of 28 and b?
28
Let v = -9 - -180. Calculate the highest common factor of v and 9.
9
Let l(x) = 8*x**2 - 13*x**2 - 23*x**2 + 1. Let d be l(-1). Let f = -7 - d. What is the greatest common factor of f and 5?
5
Let l(n) = -10*n**3 - 2*n**2 + 1. Let a = 4 + -4. Suppose 10 = -t - 3*c, a = -5*t - c - 3 - 5. Let s be l(t). What is the highest common factor of s and 72?
9
Let r = -1 - -2. Suppose g + r = t - 2, -5*t + 3 = -g. Suppose t*h - 2*b - 22 = -4*h, -5*b = -h + 10. What is the greatest common factor of h and 10?
5
Let l be (1 - 5)/(1/(-2)). Suppose -3*m = 2*i - 7*m - 76, 0 = -5*i - m + 201. Suppose -3*g + 8*g = i. Calculate the highest common divisor of l and g.
8
Suppose 0 = -3*x + 3*u + 21, 1 + 4 = -u. Let s be 16*1 + (x - 3). Calculate the greatest common divisor of 10 and s.
5
Let b be (3/(-2))/((-4)/8). Suppose 0*i - 24 = -b*i. What is the highest common divisor of i and 12?
4
Let y be 3*(186/(-36))/((-3)/18). Calculate the greatest common divisor of y and 62.
31
Let q be 2/((-20)/8 - -2). Let c be ((-36)/(-3))/((-6)/q). What is the greatest common divisor of 64 and c?
8
Let k(t) = 9*t - 1. Let f be k(1). Let b be (-3 + 2)*0/2. Suppose b*h - 72 = -h. What is the highest common divisor of h and f?
8
Suppose 0 = -2*j - 34 - 334. Let w = -74 - j. What is the highest common factor of 44 and w?
22
Let p = 82 - 33. Let n = 8 + -6. Suppose -2*k = -0*k + n*z - 20, -2*k = -5*z + 1. Calculate the highest common divisor of p and k.
7
Let f(j) = j + j**2 + 4*j + 4 - 3. Let o be f(-6). Let d be 42/6*(3 + -2). What is the greatest common factor of d and o?
7
Suppose -6*z - 60 = -10*z. Calculate the highest common factor of 6 and z.
3
Let n be 6*(-4)/16*-2. Let i be 10/(n/(-6)*-1). What is the highest common factor of i and 140?
20
Suppose -1 = -4*a + 3*a + 5*p, -5*p = -4*a + 19. Suppose -2*s = a*x - 2*x - 66, -2*s - x + 54 = 0. What is the greatest common factor of s and 25?
25
Let v be 1 - (-2 + 1 + 2). Suppose 2*i - 43 = -3*n, v*n + 35 = 2*i - 5*n. Calculate the greatest common divisor of 30 and i.
10
Let w be (-14)/8*(-5 + 1). Suppose 2*x - w = 11. Calculate the highest common divisor of x and 3.
3
Let j = 3